10663
In base 2, what is -1000000011 - 1010010?
-1001010101
In base 16, what is -1c509 - 4?
-1c50d
In base 4, what is 2 - 330121203?
-330121201
In base 14, what is 574 + 73?
607
In base 13, what is 27239 + 2?
2723b
In base 14, what is 8781 + -22?
875d
In base 15, what is -1490 - -463?
-102c
In base 3, what is -1102 + 1002221121?
1002220012
In base 4, what is 1203 - -2203111?
2210320
In base 15, what is -2 + -3278?
-327a
In base 11, what is -5 - -4473?
4469
In base 15, what is 5d - -1c3?
231
In base 6, what is 3040042 - 3?
3040035
In base 13, what is -619 - 92?
-6ab
In base 10, what is 2 - 14922?
-14920
In base 8, what is -206 + -376?
-604
In base 2, what is -10011010 - -1000100?
-1010110
In base 6, what is -3013 + 203?
-2410
In base 11, what is 1 + 57451?
57452
In base 11, what is 200 - 9a0?
-7a0
In base 9, what is -13777 - 11?
-13788
In base 2, what is -1 - 11010010101?
-11010010110
In base 12, what is -225a + 11?
-2249
In base 12, what is -66 + 725?
67b
In base 5, what is 1 - 33100001?
-33100000
In base 3, what is -2101120 + -211002?
-10012122
In base 13, what is -1 - -1691a?
16919
In base 14, what is -10295c - -5?
-102957
In base 13, what is -577 + -127?
-6a1
In base 3, what is -1 + 1221202121?
1221202120
In base 14, what is -15 + 2a538?
2a523
In base 16, what is ebcd + -c?
ebc1
In base 7, what is 1251025 + -3?
1251022
In base 9, what is 163178 + -4?
163174
In base 4, what is 103 + -32132123?
-32132020
In base 7, what is 11046 - 4?
11042
In base 5, what is 444332 - -110?
444442
In base 4, what is 0 - -301322?
301322
In base 10, what is -7 - 212047?
-212054
In base 16, what is -842 + -814?
-1056
In base 4, what is -13130 + 11023?
-2101
In base 14, what is 66 - -159?
1c1
In base 12, what is -1a7a - 108?
-1b86
In base 5, what is -100214 - -223?
-44441
In base 5, what is 4422 - 123340?
-113413
In base 14, what is -6c + -6d?
-db
In base 3, what is -10022 + -1120012?
-1200111
In base 8, what is -14 + -10553?
-10567
In base 7, what is -25150 - 16?
-25166
In base 10, what is -4 - -14436?
14432
In base 5, what is -144 + 1243?
1044
In base 12, what is 59 + 16?
73
In base 5, what is -12 + -123002?
-123014
In base 10, what is 82322 - -37?
82359
In base 11, what is -512 + -239?
-750
In base 12, what is 3445 - 5?
3440
In base 14, what is -2 - -bd286?
bd284
In base 10, what is -516 + -131?
-647
In base 15, what is -1e485 - -2?
-1e483
In base 12, what is -104 - -1638?
1534
In base 15, what is -4 + 3292?
328d
In base 9, what is 3 - -22310?
22313
In base 3, what is -12 - -112102110211?
112102110122
In base 8, what is -1 - -600604?
600603
In base 7, what is -10 - 105223?
-105233
In base 2, what is 0 + -10110101111101?
-10110101111101
In base 12, what is -873 - a7?
-95a
In base 5, what is -3 - 230344311?
-230344314
In base 12, what is -5a - 30ab?
-3149
In base 6, what is -505211 + 0?
-505211
In base 5, what is -1031002 + -24?
-1031031
In base 8, what is 731 - -127?
1060
In base 13, what is 139 - 1163?
-1027
In base 2, what is -110001111000110 + 101?
-110001111000001
In base 2, what is -11100010 + 1000000?
-10100010
In base 9, what is -30 + -212?
-242
In base 4, what is 30 + -20232311?
-20232221
In base 6, what is 514030 - -3?
514033
In base 10, what is -30522 - 39?
-30561
In base 5, what is 10 + -14411?
-14401
In base 14, what is -1379d + 57?
-13746
In base 7, what is 16 - 612450?
-612431
In base 8, what is -10 - -7645?
7635
In base 8, what is 355461 - 2?
355457
In base 4, what is 103301111 + -2?
103301103
In base 6, what is -323 - -13432?
13105
In base 12, what is 1490b6 - -1?
1490b7
In base 14, what is -1c + 213?
1d5
In base 7, what is -3 - -45342?
45336
In base 16, what is -cafce + -5?
-cafd3
In base 7, what is -4413431 + 3?
-4413425
In base 16, what is 29 + -6a9?
-680
In base 13, what is 34 - 499?
-465
In base 8, what is -1203 + -145?
-1350
In base 6, what is 23540204 - 5?
23540155
In base 9, what is 22388 - 7?
22381
In base 3, what is 2 - -11220222122?
11220222201
In base 13, what is 2 + -6136?
-6134
In base 5, what is 110420020 - 1?
110420014
In base 12, what is 56 + 180?
216
In base 12, what is -5 + 9583b?
95836
In base 8, what is -5 + -33453?
-33460
In base 16, what is a9 + -6a3?
-5fa
In base 10, what is -50743 + -2?
-50745
In base 13, what is -1 - -2526?
2525
In base 3, what is -20120212120 + -10?
-20120212200
In base 13, what is 4 - 2254a?
-22546
In base 2, what is 11001100000 - 11?
11001011101
In base 11, what is 213 - 32?
191
In base 3, what is -221 - 101201?
-102122
In base 8, what is 0 - 63435?
-63435
In base 14, what is -5 + -1189c2?
-1189c7
In base 13, what is 4 - -634?
638
In base 14, what is 459 + 7?
462
In base 9, what is 4237 + 204?
4442
In base 11, what is 23 + -364?
-341
In base 11, what is 5580 - 0?
5580
In base 10, what is -4 - -187083?
187079
In base 4, what is 12 - 2213032?
-2213020
In base 11, what is 16a4 - 565?
113a
In base 5, what is -4 + -3301133?
-3301142
In base 10, what is -5 - -4923?
4918
In base 12, what is -1596a + 5?
-15965
In base 3, what is 11 - 2101020202?
-2101020121
In base 5, what is -203 + 1242244?
1242041
In base 11, what is -88 + 4705?
4628
In base 4, what is 310 - -13332003?
13332313
In base 4, what is -1011333223 + 132?
-1011333031
In base 14, what is -55253 + -2?
-55255
In base 2, what is 0 - 11010110010?
-11010110010
In base 6, what is -1442 - -21434?
15552
In base 5, what is 113 + 112302?
112420
In base 3, what is 21 + 10010111?
10010202
In base 16, what is 0 - 6693?
-6693
In base 7, what is -20213 - 22?
-20235
In base 13, what is -63b + -5b?
-699
In base 3, what is 121111110 - 2?
121111101
In base 14, what is -164 + -48?
-1ac
In base 3, what is -20 + 112112221221?
112112221201
In base 12, what is -3970 + -401?
-4171
In base 16, what is -194b4 + 7?
-194ad
In base 15, what is 15db + 2a9?
1895
In base 4, what is -32213 - 203?
-33022
In base 7, what is -2 - -360260?
360255
In base 7, what is 5 - 25560?
-25552
In base 7, what is -22 + 5030?
5005
In base 9, what is -1820768 - -4?
-1820764
In base 12, what is 3 + -8b76?
-8b73
In base 15, what is -897 + a3?
-7e4
In base 13, what is -b8b6 - 13?
-b8c9
In base 10, what is 10 + -57299?
-57289
In base 6, what is -1003134 - 3?
-1003141
In base 4, what is 1211303 - -1001?
1212310
In base 8, what is -4513 - -7?
-4504
In base 3, what is 200010222012 - -2?
200010222021
In base 8, what is -3624 + -764?
-4610
In base 6, what is 4 - -340?
344
In base 6, what is -22 + -351330?
-351352
In base 6, what is 155220 + 5?
155225
In base 12, what is -337a - -a8?
-3292
In base 7, what is -6661312 - -4?
-6661305
In base 8, what is 75766 - -3?
75771
In base 4, what is -1 + 13111120?
13111113
In base 9, what is 22806 + 0?
22806
In base 6, what is 32543523 - 1?
32543522
In base 12, what is -144 + -140?
-284
In base 16, what is -62add8 - 1?
-62add9
In base 7, what is -5 + -53452?
-53460
In base 15, what is -b4 + 6ae0?
6a2b
In base 8, what is 365 - -62?
447
In base 14, what is 863 - 37?
82a
In base 14, what is -8 - -392c?
3924
In base 3, what is 11011220 - 1010?
11010210
In base 6, what is -3 - 523023?
-523030
In base 10, what is -479648 + 5?
-479643
In base 13, what is -22 - 717?
-739
In base 13, what is -63 + -4b?
-b1
In base 5, what is 4230121 + 12?
4230133
In base 9, what is -2722 - -3152?
330
In base 12, what is 150 + 70a8?
7238
In base 13, what is 4 - -58045?
58049
In base 11, what is -1149a - 205?
-116a4
In base 7, what is 15 + 316636?
316654
In base 11, what is -5 + 7?
2
In base 6, what is -113342 + 313?
-113025
In base 5, what is -312202234 - -2?
-312202232
In base 7, what is 2 - 24111?
-24106
In base 8, what is -3731 + 22?
-3707
In base 15, what is -40 - -1?
-3e
In base 16, what is dc2c - -5?
dc31
In base 3, what is 0 - -2120211022?
2120211022
In base 16, what is 16185 + b?
16190
In base 10, what is -253 - -311?
58
In base 15, what is 7c8 + 30b?
ad4
In base 16, what is -1234 - -11?
-1223
In base 11, what is 14493 - 10?
14483
In base 9, what is -366487 - 5?
-366503
In base 10, what is 176289 - 3?
176286
In base 6, what is -522422 - 10?
-522432
In base 14, what is 0 + -dd?
-dd
In base 6, what is -1225150 - -4?
-1225142
In base 13, what is 21 - -11528?
11549
In base 15, what is 4aee + -2?
4aec
In base 9, what is 3 + -353?
-350
In base 2, what is -1110111 - 10101000?
-100011111
In ba